to base 9
-10
-2 (base 5) to base 6
-2
Convert -102 (base 3) to base 11.
-10
8 (base 10) to base 5
13
What is 8c (base 15) in base 14?
96
Convert -425 (base 9) to base 12.
-24b
10 (base 2) to base 11
2
Convert -1 (base 2) to base 8.
-1
What is 11 (base 4) in base 13?
5
Convert 11 (base 16) to base 4.
101
What is a (base 11) in base 16?
a
What is -2 (base 6) in base 4?
-2
Convert -15a (base 13) to base 11.
-202
What is 22a (base 11) in base 5?
2044
Convert 4 (base 13) to base 10.
4
What is e (base 15) in base 10?
14
6 (base 10) to base 16
6
What is 23 (base 4) in base 9?
12
-2 (base 7) to base 2
-10
-2 (base 11) to base 12
-2
Convert 0 (base 3) to base 8.
0
38 (base 10) to base 2
100110
14 (base 11) to base 7
21
What is -1 (base 13) in base 14?
-1
134 (base 8) to base 13
71
Convert -1212 (base 3) to base 13.
-3b
What is -10 (base 6) in base 2?
-110
What is 26 (base 9) in base 8?
30
What is -37 (base 13) in base 12?
-3a
What is 11 (base 7) in base 16?
8
-64 (base 7) to base 4
-232
Convert -1 (base 3) to base 16.
-1
Convert -13 (base 4) to base 11.
-7
8 (base 14) to base 7
11
What is 2 (base 5) in base 14?
2
What is -1 (base 5) in base 8?
-1
What is -106 (base 7) in base 6?
-131
What is -303 (base 4) in base 16?
-33
1323 (base 4) to base 9
146
Convert 1042 (base 5) to base 6.
403
Convert 0 (base 11) to base 2.
0
Convert -21 (base 3) to base 9.
-7
What is 413 (base 6) in base 12?
109
9 (base 14) to base 15
9
What is 54 (base 12) in base 3?
2101
What is -1202 (base 3) in base 7?
-65
24 (base 13) to base 3
1010
98 (base 11) to base 2
1101011
Convert 56 (base 9) to base 14.
39
What is 7c (base 15) in base 6?
313
What is -8 (base 12) in base 16?
-8
What is 5 (base 13) in base 7?
5
Convert 447 (base 9) to base 13.
223
What is -9 (base 14) in base 6?
-13
Convert f (base 16) to base 5.
30
What is -13 (base 5) in base 10?
-8
25 (base 8) to base 12
19
What is 5 (base 15) in base 14?
5
Convert -101 (base 3) to base 6.
-14
Convert 21 (base 8) to base 4.
101
-131 (base 4) to base 15
-1e
23 (base 13) to base 11
27
Convert -100110 (base 2) to base 12.
-32
-5a (base 11) to base 6
-145
Convert -2 (base 14) to base 11.
-2
-232 (base 4) to base 5
-141
Convert -10 (base 10) to base 13.
-a
Convert -4 (base 14) to base 13.
-4
a (base 12) to base 3
101
-10 (base 16) to base 2
-10000
-356 (base 7) to base 6
-512
What is 2 (base 16) in base 8?
2
What is 9 (base 14) in base 8?
11
What is 2 (base 5) in base 7?
2
What is -35 (base 8) in base 16?
-1d
219 (base 10) to base 15
e9
-8 (base 12) to base 9
-8
Convert 5 (base 15) to base 10.
5
What is -202 (base 3) in base 2?
-10100
Convert 35 (base 9) to base 14.
24
-2232 (base 4) to base 16
-ae
What is 100 (base 13) in base 3?
20021
Convert 5 (base 15) to base 5.
10
What is -96 (base 11) in base 14?
-77
What is 0 (base 11) in base 10?
0
Convert 0 (base 12) to base 15.
0
What is -300 (base 5) in base 15?
-50
-5 (base 15) to base 13
-5
Convert -2 (base 6) to base 10.
-2
Convert -2 (base 10) to base 3.
-2
Convert -1 (base 7) to base 5.
-1
9 (base 15) to base 7
12
-27 (base 8) to base 7
-32
Convert -5 (base 7) to base 12.
-5
1011 (base 2) to base 12
b
53 (base 13) to base 5
233
What is 12 (base 14) in base 8?
20
Convert 11a (base 16) to base 4.
10122
What is -10 (base 6) in base 10?
-6
What is -112 (base 3) in base 13?
-11
What is -2 (base 6) in base 15?
-2
Convert -13 (base 10) to base 3.
-111
Convert 1 (base 2) to base 16.
1
-7 (base 16) to base 11
-7
Convert 2 (base 13) to base 7.
2
What is -5 (base 13) in base 5?
-10
-101 (base 2) to base 14
-5
Convert 1 (base 6) to base 13.
1
8 (base 12) to base 6
12
-56 (base 13) to base 11
-65
What is -1001 (base 2) in base 15?
-9
-4 (base 10) to base 6
-4
-1 (base 13) to base 8
-1
Convert -105 (base 9) to base 10.
-86
What is 5 (base 16) in base 10?
5
Convert -28 (base 13) to base 9.
-37
Convert 10 (base 14) to base 3.
112
-2111 (base 5) to base 8
-431
a0 (base 11) to base 4
1232
What is -12 (base 7) in base 13?
-9
What is 1 (base 5) in base 3?
1
Convert -3 (base 15) to base 10.
-3
Convert d (base 14) to base 11.
12
What is -8 (base 12) in base 6?
-12
-5 (base 7) to base 9
-5
What is 1 (base 11) in base 16?
1
Convert -1101 (base 3) to base 12.
-31
Convert 126 (base 13) to base 3.
21110
Convert 201 (base 4) to base 7.
45
Convert -5b (base 13) to base 6.
-204
-16 (base 11) to base 13
-14
What is 102021 (base 3) in base 16?
130
-9 (base 15) to base 8
-11
Convert -101102 (base 3) to base 11.
-236
Convert -2 (base 15) to base 11.
-2
1010 (base 2) to base 5
20
Convert -2a (base 11) to base 12.
-28
11 (base 16) to base 9
18
Convert -43 (base 6) to base 4.
-123
What is 3 (base 13) in base 6?
3
-105 (base 7) to base 4
-312
0 (base 12) to base 4
0
Convert 2 (base 14) to base 11.
2
What is 116 (base 8) in base 13?
60
What is -305 (base 9) in base 14?
-13a
-7 (base 16) to base 13
-7
Convert -3 (base 4) to base 14.
-3
-97 (base 16) to base 13
-b8
What is 192 (base 13) in base 3?
101200
-52 (base 15) to base 2
-1001101
Convert -12 (base 13) to base 16.
-f
Convert 18 (base 11) to base 15.
14
What is 2 (base 14) in base 5?
2
What is 304 (base 5) in base 13?
61
-41 (base 12) to base 16
-31
-43 (base 5) to base 15
-18
What is 10 (base 6) in base 7?
6
-20 (base 4) to base 13
-8
Convert -3 (base 9) to base 13.
-3
What is -200 (base 11) in base 8?
-362
What is -21 (base 12) in base 7?
-34
What is -85 (base 14) in base 3?
-11100
What is -2 (base 6) in base 3?
-2
Convert 4 (base 9) to base 16.
4
Convert 12 (base 6) to base 2.
1000
Convert -4a (base 16) to base 5.
-244
Convert 1333 (base 5) to base 15.
e8
What is 1000000 (base 2) in base 12?
54
5 (base 8) to base 9
5
What is 27 (base 14) in base 8?
43
40 (base 11) to base 4
230
-20222 (base 3) to base 7
-356
What is 0 (base 4) in base 8?
0
What is a (base 15) in base 6?
14
Convert -11110 (base 2) to base 7.
-42
Convert -1 (base 10) to base 3.
-1
-32 (base 6) to base 7
-26
Convert -4 (base 11) to base 14.
-4
Convert 26 (base 16) to base 8.
46
10001 (base 2) to base 6
25
a6 (base 11) to base 13
8c
What is -2 (base 14) in base 5?
-2
Convert 2 (base 12) to base 8.
2
What is -270 (base 8) in base 14?
-d2
11 (base 10) to base 4
23
What is -7 (base 9) in base 7?
-10
What is -147 (base 11) in base 16?
-ac
Convert 2 (base 4) to base 12.
2
Convert -1012 (base 3) to base 5.
-112
Convert 2 (base 11) to base 10.
2
442 (base 5) to base 15
82
100 (base 6) to base 16
24
What is 1 (base 5) in base 6?
1
Convert 1 (base 15) to base 16.
1
What is 0 (base 15) in base 3?
0
What is -106 (base 11) in base 4?
-1333
Convert -1 (base 15) to base 12.
-1
What is -5 (base 10) in base 14?
-5
Convert -7 (base 14) to base 9.
-7
What is -326 (base 8) in base 13?
-136
What is 6 (base 11) in base 14?
6
Convert 10 (base 10) to base 3.
101
11 (base 14) to base 12
13
Convert 1b (base 14) to base 16.
19
Convert 13 (base 11) to base 13.
11
Convert -61 (base 8) to base 5.
-144
-1222 (base 5) to base 4
-2323
What is 12 (base 12) in base 4?
32
Convert -7 (base 13) to base 6.
-11
What is -4 (base 12) in base 15?
-4
Convert -2 (base 16) to base 4.
-2
Convert -2 (base 7) to base 2.
-10
What is -10101110 (base 2) in base 4?
-2232
What is -1 (base 13) in base 2?
-1
What is -142 (base 5) in base 9?
-52
Convert 11 (base 14) to base 7.
21
-1 (base 3) to base 13
-1
What is 1 (base 8) in base 6?
1
0 (base 10) to base 3
0
-7 (base 12) to base 4
-13
Convert 23 (base 7) to base 10.
17
Convert 1112 (base 3) to base 10.
41
20 (base 4) to base 10
8
2 (base 12) to base 8
2
What is 11 (base 11) in base 15?
c
-10001 (base 2) to base 4
-101
-3 (base 13) to base 2
-11
-55 (base 6) to base 16
-23
100 (base 2) to base 8
4
25 (base 7) to base 4
103
-1 (base 8) to base 3
-1
What is -34 (base 9) in base 3?
-1011
Convert 2 (base 10) to base 2.
10
-231 (base 6) to base 11
-83
0 (base 6) to base 9
0
What is 7 (base 9) in base 12?
7
Convert 10010 (base 2) to base 3.
200
Convert -4 (base 12) to base 9.
-4
Convert -1132 (base 4) to base 12.
-7a
What is -1 (base 14) in base 2?
-1
21 (base 12) to base 2
11001
47 (base 9) to base 4
223
Convert -23 (base 5) to base 11.
-12
What is 23 (base 11) in base 13?
1c
What is 12 (base 11) in base 5?
23
Convert -34 (base 15) to base 16.
-31
Convert -2 (base 4) to base 5.
-2
Convert -1a (base 13) to b